s digit of 23850203?
8
What is the ten thousands digit of 56836?
5
What is the hundred thousands digit of 1108898?
1
What is the hundreds digit of 3677022?
0
What is the millions digit of 5766798?
5
What is the millions digit of 12570599?
2
What is the hundreds digit of 1360304?
3
What is the hundred thousands digit of 1123866?
1
What is the hundreds digit of 5877941?
9
What is the hundred thousands digit of 5936731?
9
What is the hundreds digit of 3690180?
1
What is the hundreds digit of 304204?
2
What is the hundreds digit of 376641?
6
What is the millions digit of 2070637?
2
What is the ten thousands digit of 1496448?
9
What is the thousands digit of 3650476?
0
What is the hundred thousands digit of 1396525?
3
What is the ten millions digit of 10868479?
1
What is the units digit of 144791?
1
What is the ten thousands digit of 20848822?
4
What is the hundred thousands digit of 512642?
5
What is the units digit of 128024?
4
What is the thousands digit of 19869801?
9
What is the tens digit of 11342211?
1
What is the tens digit of 456625?
2
What is the units digit of 6913275?
5
What is the thousands digit of 1251376?
1
What is the hundreds digit of 390982?
9
What is the hundreds digit of 4939?
9
What is the ten thousands digit of 2565514?
6
What is the millions digit of 3958202?
3
What is the millions digit of 2535709?
2
What is the ten thousands digit of 383402?
8
What is the thousands digit of 482539?
2
What is the ten thousands digit of 590507?
9
What is the hundred thousands digit of 320483?
3
What is the millions digit of 20453627?
0
What is the hundreds digit of 195142?
1
What is the hundred thousands digit of 37757652?
7
What is the ten thousands digit of 3496595?
9
What is the thousands digit of 2646964?
6
What is the thousands digit of 407387?
7
What is the hundreds digit of 1000768?
7
What is the tens digit of 12036202?
0
What is the tens digit of 368791?
9
What is the thousands digit of 320569?
0
What is the hundred thousands digit of 3638189?
6
What is the units digit of 250?
0
What is the thousands digit of 1205187?
5
What is the units digit of 286721?
1
What is the hundreds digit of 481058?
0
What is the hundreds digit of 7793865?
8
What is the ten thousands digit of 268846?
6
What is the hundreds digit of 1126051?
0
What is the thousands digit of 1100014?
0
What is the hundreds digit of 144527?
5
What is the ten millions digit of 17346675?
1
What is the hundreds digit of 22198339?
3
What is the ten thousands digit of 30631?
3
What is the units digit of 4200129?
9
What is the ten thousands digit of 439864?
3
What is the hundred thousands digit of 4569677?
5
What is the ten thousands digit of 1153180?
5
What is the ten thousands digit of 132598?
3
What is the tens digit of 479088?
8
What is the millions digit of 25253964?
5
What is the ten thousands digit of 2603699?
0
What is the millions digit of 3544532?
3
What is the hundreds digit of 651941?
9
What is the hundred thousands digit of 2525870?
5
What is the ten thousands digit of 1040681?
4
What is the tens digit of 833584?
8
What is the hundreds digit of 3297994?
9
What is the hundred thousands digit of 136902?
1
What is the thousands digit of 6394693?
4
What is the tens digit of 9769020?
2
What is the units digit of 22966666?
6
What is the ten thousands digit of 954485?
5
What is the units digit of 3922425?
5
What is the ten thousands digit of 2682713?
8
What is the hundreds digit of 419946?
9
What is the hundreds digit of 1250911?
9
What is the units digit of 389995?
5
What is the units digit of 2185508?
8
What is the ten thousands digit of 15211017?
1
What is the ten thousands digit of 3446320?
4
What is the units digit of 136623?
3
What is the hundreds digit of 424301?
3
What is the tens digit of 85982?
8
What is the thousands digit of 1165980?
5
What is the millions digit of 6857382?
6
What is the hundreds digit of 157582?
5
What is the hundreds digit of 805238?
2
What is the tens digit of 1000036?
3
What is the thousands digit of 732685?
2
What is the hundred thousands digit of 3289036?
2
What is the hundred thousands digit of 3335675?
3
What is the millions digit of 5414910?
5
What is the thousands digit of 1715917?
5
What is the millions digit of 2161933?
2
What is the units digit of 18693899?
9
What is the thousands digit of 264605?
4
What is the hundreds digit of 3630306?
3
What is the thousands digit of 3884957?
4
What is the hundred thousands digit of 535115?
5
What is the hundred thousands digit of 3332287?
3
What is the tens digit of 5432497?
9
What is the hundred thousands digit of 421773?
4
What is the tens digit of 500566?
6
What is the ten millions digit of 22316614?
2
What is the ten thousands digit of 13185640?
8
What is the thousands digit of 515980?
5
What is the tens digit of 1095174?
7
What is the thousands digit of 632529?
2
What is the tens digit of 828780?
8
What is the ten thousands digit of 4502680?
0
What is the hundred thousands digit of 2196175?
1
What is the ten thousands digit of 139600?
3
What is the hundred thousands digit of 5572694?
5
What is the hundreds digit of 5624981?
9
What is the hundreds digit of 20779600?
6
What is the ten thousands digit of 306056?
0
What is the ten thousands digit of 28692828?
9
What is the hundred thousands digit of 215325?
2
What is the tens digit of 1222404?
0
What is the ten thousands digit of 146338?
4
What is the hundreds digit of 633783?
7
What is the units digit of 29185?
5
What is the ten thousands digit of 232003?
3
What is the ten thousands digit of 154680?
5
What is the units digit of 210112?
2
What is the units digit of 161523?
3
What is the tens digit of 8311843?
4
What is the tens digit of 407830?
3
What is the ten millions digit of 13776142?
1
What is the ten thousands digit of 1035493?
3
What is the tens digit of 7208962?
6
What is the hundred thousands digit of 6341393?
3
What is the hundreds digit of 14736411?
4
What is the millions digit of 4552582?
4
What is the millions digit of 34263149?
4
What is the thousands digit of 160926?
0
What is the hundreds digit of 3604871?
8
What is the hundred thousands digit of 154462?
1
What is the ten thousands digit of 68174?
6
What is the ten thousands digit of 348133?
4
What is the tens digit of 2788281?
8
What is the hundreds digit of 41324?
3
What is the ten thousands digit of 61198?
6
What is the ten thousands digit of 244270?
4
What is the hundreds digit of 110540?
5
What is the thousands digit of 995766?
5
What is the hundred thousands digit of 787576?
7
What is the thousands digit of 389358?
9
What is the millions digit of 3964866?
3
What is the tens digit of 2624070?
7
What is the hundred thousands digit of 30540091?
5
What is the hundreds digit of 43252?
2
What is the thousands digit of 2054415?
4
What is the ten thousands digit of 477895?
7
What is the hundred thousands digit of 281953?
2
What is the millions digit of 2681454?
2
What is the thousands digit of 6297365?
7
What is the hundred thousands digit of 1956380?
9
What is the hundreds digit of 713009?
0
What is the hundred thousands digit of 230166?
2
What is the ten thousands digit of 370932?
7
What is the tens digit of 7422762?
6
What is the thousands digit of 341139?
1
What is the millions digit of 2197141?
2
What is the thousands digit of 57871?
7
What is the thousands digit of 78781?
8
What is the hundreds digit of 33268?
2
What is the ten thousands digit of 162207?
6
What is the ten millions digit of 25487300?
2
What is the units digit of 586294?
4
What is the ten thousands digit of 711785?
1
What is the units digit of 380956?
6
What is the units digit of 10693902?
2
What is the units digit of 5505498?
8
What is the hundred thousands digit of 18457006?
4
What is the hundreds digit of 6597027?
0
What is the tens digit of 10484839?
3
What is the ten millions digit of 11799611?
1
What is the hundred thousands digit of 165809?
1
What is the hundred thousands digit of 1471115?
4
What is the units digit of 5401964?
4
What is the ten thousands digit of 8111454?
1
What is the thousands digit of 3111203?
1
What is the thousands digit of 374152?
4
What is the units digit of 110986?
6
What is the hundreds digit of 435554?
5
What is the ten thousands digit of 154110?
5
What is the hundred thou